 - (7 + 9) - (93 + -174)?
106
Calculate -22 + 2 + 9 + 5 - 7.
-13
-9 - (30 - 33 - -10 - 42)
26
What is the value of 162 - 181 - ((-8 - 0) + 0 + (2 - 4))?
-9
Calculate -32 + 19 + -19 + -4 + -2.
-38
What is (51 - -4 - (162 + -143)) + 19?
55
What is the value of (7 + 0 - 24 - (2 - 10)) + 66?
57
Evaluate -16 + (50 - (43 - 24)).
15
What is the value of (76 - 64) + -5 - 39?
-32
Calculate 12 - (56 + 4 + -44).
-4
What is (2 + -18 - -3) + 24 - -62?
73
(11 - 27) + -2 + (7 - (1 - 3))
-9
Calculate 6 - ((-10 - -22) + (22 - 23) + -22).
17
Calculate -34 + -32 + -2 + 466 + -477.
-79
Calculate (-1 - 3) + (-11 - (24 - (46 - -6))).
13
What is the value of -4681 + 4707 + (0 + -12 - -1) + 3?
18
Calculate -8 - (1 + -1 + 7 + -1 - 9) - 10.
-15
Calculate 2121 - 2116 - (-1 + 0 + 8 + -61).
59
Evaluate -18 + (0 - -6) - (-31 - -16) - (-6 + -25).
34
Evaluate 130 - (-1 + 2 + 219 + -203).
113
-85 + (0 - (-42 - -36))
-79
What is 14 + -13 - 65 - -78?
14
(1 - -43 - 34 - (0 + 15)) + 7
2
Calculate 18 + -10 + (1 - 23) - (16 + (28 - 81)).
23
(-22 - -170) + (-8 - -1) + (248 - 273)
116
Evaluate 25 + (-3 - 4) - (-19 + 10).
27
What is the value of 42 + 55 + (11 - 17)?
91
What is -8 + -99 + 83 + -11?
-35
36 + (11 - 38) - (-3 - (21 + 0))
33
Evaluate -124 + 17 + (0 + 0 - 5 - 4).
-116
What is the value of 0 + 15 + -10 - -15 - -25?
45
3 + -7 + (-2 + 24 + -46 - 9)
-37
What is the value of (-3 - 64) + -7 + 32 + -13?
-55
What is the value of (1 - 16) + (5 - 5) + 37?
22
What is the value of (5 - 26) + (-59 - -18) + 66?
4
What is the value of -4 - ((1 - -8 - (39 - 31)) + -8 + 31)?
-28
Calculate (-65 - (-72 + 68)) + 26.
-35
1 - (-5 + 22 + -5 - (34 + -48))
-25
Calculate (3 - (3 + -1)) + (26 - 31) + -107 + 116.
5
-14 - ((39 - -18) + 9 + -16)
-64
Evaluate (-1297 - -1265) + (7 - (-1 + 0)) + 25.
1
What is -59 - 0 - (1959 + -1949)?
-69
What is -549 + 508 + 4 + 52?
15
Calculate (-3 - ((3 - (13 + -4)) + 9) - 2) + -14.
-22
What is the value of -1 - (1 + -1 + -1 - -1) - (-46903 - -46910)?
-8
Evaluate -23 + (-29 + 41 - -1) - (2 + 3 + 94).
-109
Calculate (-16 - -1) + 1330 + -1306.
9
What is -28 + 209 + -216 + (-5 - -55)?
15
What is the value of (-5 - -78) + (-2 - -9) - 24?
56
What is the value of -6 + 18 + -8 - (11 - 8)?
1
What is the value of -8 + (0 - 4 - 6) + (-23 - -25)?
-16
What is -39 + 27 + -1 + (0 - (6 - 56))?
37
What is the value of 1 - 65 - (-13 - (-4 + (11 - -1)) - -16)?
-59
What is -1 + (-35 - (22 + (-9 - 15)))?
-34
Evaluate (-14 - -62) + -83 - -35.
0
Evaluate 13 + (-17 - ((-4 - 6) + -2 + -1)) - -5.
14
What is the value of -18 + -4 + 26 + (5 - (-5 + 22)) + -120?
-128
(-46 - -20 - -102) + (-26 - 0)
50
Evaluate 47 + (-35 - -10 - 108).
-86
(19 - 16) + -16 + (6 - (-4 - -2)) - -69
64
Evaluate (31 - ((-36 - -23) + -30)) + 1.
75
What is the value of 44 - (35 - -59 - 28) - (1 - 20)?
-3
What is the value of 71 + -10 + -20 - 80?
-39
What is (3 - -8) + (41 - (35 - -67)) + -1 + 7?
-44
Calculate 176 + 48 + -74 + (2 - 8) + 9.
153
Calculate 70 + -24 - (7 - 5 - 4).
48
39 - (16 + 6 + 10 + -9)
16
-14 + -9 + 1 + -1
-23
Calculate -19 + (-1513 - -1513 - (32 + -1)).
-50
Evaluate (1 - 5) + (8 - 3) + 6 + -14 + 32.
25
Evaluate 96 - 212 - (94 - 168).
-42
Calculate -8 - (-4 + 7 + -5 - (12 - 26)).
-20
What is 23 - (-35 - -33 - (0 + (-6 - -8) + 4))?
31
What is (7 - -3) + -20 + 0 - -4 - (-18 - 2)?
14
Evaluate -76 + 55 + -65 + 109.
23
What is (-8 - (0 - -12 - 1 - (-4706 - -4768))) + -9?
34
Calculate (6 - 0) + 2008 + -2006.
8
What is the value of 32 - 16 - (29 - 8) - (2 - -11)?
-18
Evaluate -48 + (-7 - -8) - (55 + -64).
-38
Calculate (62 - 0) + -2 - (-3 - (29 - 37)).
55
What is -201 + 226 + (-4 - -33)?
54
2 + 57 + -34 + -6
19
What is 155 + (-38 - (28 - -27))?
62
What is the value of -141 + 144 + (6 - (-2 + 7)) + -6 - 57?
-59
What is the value of -62 + 69 + 12 + -50?
-31
Calculate -11 - (75 - 122 - -39 - (-1 + 51)).
47
Evaluate -37 + (-3 - -34) + 3 + -8.
-11
Calculate (191 - 199 - ((1 - -1) + (-2 - 13))) + 5.
10
What is the value of (28 - (-13 + 37)) + (1 - -126) + 53 + -65?
119
What is the value of 0 + (-11 + 4 - -1 - ((-11 - -1) + 4))?
0
Evaluate -32 + (71 - 46) + 13.
6
What is 8 - ((-39 - -39) + (-48 - 1))?
57
What is the value of -14 + (-391 - -557 - (4 - 0 - (6 - 6)))?
148
What is the value of (-4 - (-12 + 10)) + (19 - 42) + -4?
-29
Calculate 9 + -4 + (5 - 0) + (113 - 121).
2
What is the value of 0 - (-48 + -25 + 67 - (1 + 26))?
33
(-56 - -95 - 60) + -66
-87
Calculate -151 + ((-17 - -24) + -5 - (-28 + 10)).
-131
(-19 - (-22 + 13)) + -16 + 0
-26
(173 - 203) + (23 - -1) + -10
-16
-1 + 0 + (5 - 34 - (10 - 141)) - -5
106
Calculate (-23 + (58 - 18) - 8) + (5 - 5 - 22).
-13
What is -1 + 15 - (82 - -48 - 214)?
98
(94 - 160) + (0 + (2 - (-1 + 0)) - 1)
-64
Calculate (-59 - -53) + -2 + 38 + 2 + -6 - 7.
19
Calculate (2 - 52) + 56 - (-1 + -1 + -31 - -3).
36
What is the value of (-9 - -2) + -28 + 108 + -90?
-17
Calculate -3 + 95 + (-82 - 63).
-53
Evaluate 10 + 25 + -15 + 14 + (-6 - 2).
26
What is the value of (19 - 5) + (-2 - 2) - (74 + 4 + -23)?
-45
-1 + 7 + -17 + 32 + -106 + 39
-46
Evaluate 16 - 7 - (4 + 9) - (9 + -127 - -11).
103
What is the value of 1 + 0 + -49 + 24 + -74 + 48?
-50
Calculate 0 + -5 + 75 - ((-114 - -129) + (-14 - 1)).
70
20 + 11 + -25 + -54 + 25
-23
-6 - 2 - (-93 + 46 + 28)
11
Evaluate 0 + -17 + 2 - (-67 + -7 + 9 + -15).
65
What is the value of 20 + -5 + (2 - -6) + (20 - 141)?
-98
Calculate 25 + -23 + -9 + 14.
7
Evaluate 15 - (5 + 17 - -20) - -22.
-5
What is 1 - (4 + 16) - (-35 + 10)?
6
115 + (17 - (-137 - -154))
115
What is the value of (12 - ((0 + 6 - 14) + -7)) + (5 - -3)?
35
What is 25 - (-3 + 50) - -64?
42
What is (-4 + -3 - (-25 + 5)) + (36 - 44)?
5
What is the value of 154 + (-130 - -5) + 96?
125
Evaluate (-2 + -3 - -7) + -10 + -2 + -10.
-20
Evaluate 67 + (-1 - ((27 - 9) + -4 + -9)) - 4.
57
Calculate (-22 - (-19 + 18)) + 16 - -41.
36
Calculate 4 + -38 + (2 + (2 - 6) - (609 - 619)).
-26
Calculate (19 - 5) + (98 + -114 - (6 - 35)).
27
What is -17 - (2 + -16) - (0 + (28 - 1))?
-30
What is the value of 44 - 1 - (-30 + 12 + 19 + -7)?
49
42 + (-2 - 12) + 25 + 9 + -13
49
Calculate -46 - (-28 + 6 + -40) - (34 - 1).
-17
Calculate 86 + -3 + -136 + 115 + -15.
47
What is (-2 - (49 - 26)) + -59 + 9?
-75
(-20 - -87) + (-58 - -24) + -173
-140
What is the value of 74 + -1 - (-52 + 62)?
63
Calculate -3 - 12 - (-682 - -682 - (1 + 118)).
104
Evaluate 30 + (0 - 15) - 11 - (-2 + 37).
-31
Evaluate 68 - -1 - (-64 + 50 - (-12 - 5)).
66
What is 1 - 13 - ((39 - 185 - -157) + (-19 - 1))?
-3
Evaluate -50 + (-140 + 118 - (-10 - 4)).
-58
What is the value of -48 - (7 + -5) - (19 + (-21 - -2))?
-50
What is the value of 15 + (-122 + 31 - (-14 + -2))?
-60
Calculate -6 - (-28 + 25) - 22 - 1.
-26
(-2 - -2) + 8 - ((-97 - -102) + -19)
22
Evaluate -414 + 438 + 6 + (-1 - -5).
34
What is -19 + (133 + -135 - (21 - -1))?
-43
What is the value of (-30 - -9) + (-3 + 1 - (-13 + 15)) - 10?
-35
48 + 6 + -19 + -7 + (0 - -14)
42
What is 593 + -556 - (-5 + 117)?
-75
Evaluate 23 + 74 + -29 - 20.
48
-5 - (-24 - -33 - (0 + 18) - -6) - 40
-42
What is the value of 30 + (-54 - -22) + 53?
51
What is (-1 + 22 - (2 + 77)) + 4 + 1 + -16?
-69
Evaluate -48 - (7 - (95 + -49)).
-9
(8 - 20 - 70) + 0 + (2 - 1)
-81
What is (10 - (-7 - -7)) + -6 + (-55 - -5)?
-46
What is 11 - ((80 - 4) + -80)?
15
What is the value of -24 + -1 + 133 + -80 + -70?
-42
What is the value of 138 - 138 - (-20 + 24)?
-4
Evaluate -166 - (43 + (-27 - 37) + -9).
-136
Evaluate -71 + (-2 - (12 + -29)) + 9.
-47
What is the value of -10 - ((-59 - -70) + 2 + -17 - 11)?
5
What is the value of -13 - (56 - 17) - -35?
-17
What is 2 + 0 + (-74 - ((-8 - -12) + 4 - -6))?
-86
(-13 - (-5 - 0) - (-11 + -1)) + 20
24
What is the value of 2 - (-1 - -28) - (-203 - -164)?
14
Evaluate (-89 - -19) + -5 + 82.
7
-61 - 72 - -56 - -5
-72
What is (-2 - -6) + -2 + -12 - (-114 - 7 - -52)?
59
What is 10 + 44 - 25 - (15 + (-3 - 1))?
18
Calculate 70 + -30 - (79 + -5) - -118.
84
What is -5 + 31 + 66 - ((-4 - 11) + 4)?
103
-1 - (7 - (0 + 3)) - ((66 - 156) + 62)
23
-61 + (5 - (-3 - (5 + -9) - -10 - 10))
-57
-6 + -5 + 25 - 59 - (-16 + 28)
-57
1 + 95 + 43 + (-21 - 24)
94
What is the value of (2 - (-3 + (-9 - -9))) + -10 - (-225 - -105)?
115
Evaluate (23 - 27) + (-15 + 3 - (-24 + 15)).
-7
What is 2 + 100 + -37 - 13?
52
What is the value 